{"id":37,"date":"2017-04-24T07:16:39","date_gmt":"2017-04-24T07:16:39","guid":{"rendered":"http:\/\/daneuropesuisse.ch\/?page_id=37"},"modified":"2018-05-22T07:40:39","modified_gmt":"2018-05-22T06:40:39","slug":"hotline","status":"publish","type":"page","link":"https:\/\/daneuropesuisse.ch\/?page_id=37","title":{"rendered":"Hotline"},"content":{"rendered":"<div class=\"entry-content\">\n<p>Wer einen Zwischenfall beim Tauchen oder Symptome einer Taucherkrankheit nach dem Tauchen hat, braucht sofort kompetente fachliche Unterst\u00fctzung und sehr oft auch einen Transport in ein technisch gen\u00fcgend ausger\u00fcstetes medizinisches Zentrum (Spital) f\u00fcr allf\u00e4llige Spezialabkl\u00e4rungen und\/oder Druckkammertherapien. Geldfragen sind hier unwichtig, kommen vielleicht sp\u00e4ter ins Spiel.<\/p>\n<p>Wir haben in der Schweiz eine seit Jahrzehnten etablierte Tauchunfallhotline, die den meisten Ausbildungsorganisationen und Tauchclubs l\u00e4ngst bekannt ist. Die Anf\u00e4nge waren, als zur Zeit der Forschung f\u00fcr geeignete Tauchtabellen mit dem Team um Prof. B\u00fchlmann in Z\u00fcrich Tauchnotf\u00e4lle mit dem Helikopter der Schweizerischen Rettungsflugwacht Rega ins Druckkammerzentrum gebracht wurden. Unser \u00c4rzteteam garantiert eine rund um die Uhr Erreichbarkeit bei Tauchnotf\u00e4llen durch einen Vordergrund- und Hintergrunddienst, sodass auch bei Ausfall eines Telefons oder momentaner Nichterreichbarkeit immer ein kompetenter tauchmedizinischer Arzt zur Verf\u00fcgung steht. Alle \u00c4rzte sind nach europ\u00e4ischen Richtlinien auf das Niveau \u201cDiving Medicine Physician\u201d oder h\u00f6her ausgebildet, die meisten haben den sogenannten F\u00e4higkeitsausweis Tauch- und Hyperbarmedizin, der FMH anerkannt ist.<\/p>\n<p>Tauchnotf\u00e4lle werden per Hotline auf der ganzen Welt, also auch in abgelegenen Inseln und auf Tauchsafari durch DAN Hotlines unterst\u00fctzt. Unsere Schweizer Hotline kann weltweit aufgerufen werden, was den Vorteil bietet, dass der Taucher in seiner Muttersprache und unter Kenntnis der schweizerischen Verh\u00e4ltnisse im Gesundheitssystem beraten werden kann. Da nicht alle L\u00e4nder eine eigene Hotline haben, gibt es auf jedem Kontinent eine zentrale Hotline, die mehrsprachig (meistens vor allem Englisch) zur Verf\u00fcgung steht. Die DAN EUROPE Hotline ist in Rom, die Telefonnummer wird auf den Mitgliederk\u00e4rtchen aufgedruckt.<\/p>\n<p>Unsere Schweizer Hotline wird durch eine jahrelange Zusammenarbeit mit der Rega durch deren Telefonnummer vermittelt. Also im Tauchnotfall <strong>innerhalb der Schweiz Hotline Nummer 1414<\/strong>.<\/p>\n<p>Bei einem Tauchnotfall <strong>ausserhalb der Schweiz \u00a0: +41 333 333 333<\/strong>.<\/p>\n<p>Die Hotlines sind untereinander vernetzt, sodass wir auch Informationen von den pazifischen Tauchinseln \u00fcber die Australien-Hotline erhalten, von der Karibik durch die Amerika Hotline, etc. Wir kennen nicht nur Standorte von s\u00e4mtlichen Druckkammern, die zur Verf\u00fcgung stehen, sondern auch deren Ausr\u00fcstungsstand und momentane Erreichbarkeit. Ebenso kennen wir die zur Verf\u00fcgung stehenden Transportmittel, was gerade im Pazifik h\u00e4ufig ein Riesenproblem ist.<\/p>\n<\/div>\n","protected":false},"excerpt":{"rendered":"<p>Wer einen Zwischenfall beim Tauchen oder Symptome einer Taucherkrankheit nach dem Tauchen hat, braucht sofort kompetente fachliche Unterst\u00fctzung und sehr oft auch einen Transport in ein technisch gen\u00fcgend ausger\u00fcstetes medizinisches Zentrum (Spital) f\u00fcr allf\u00e4llige Spezialabkl\u00e4rungen und\/oder Druckkammertherapien. Geldfragen sind hier unwichtig, kommen vielleicht sp\u00e4ter ins Spiel. Wir haben in der Schweiz eine seit Jahrzehnten etablierte<a class=\"read-more\" href=\"https:\/\/daneuropesuisse.ch\/?page_id=37\"><br \/>-> Continue reading<span class=\"screen-reader-text\">  Hotline<\/span><\/a><\/p>\n","protected":false},"author":2,"featured_media":0,"parent":31,"menu_order":1,"comment_status":"closed","ping_status":"closed","template":"","meta":{"footnotes":""},"_links":{"self":[{"href":"https:\/\/daneuropesuisse.ch\/index.php?rest_route=\/wp\/v2\/pages\/37"}],"collection":[{"href":"https:\/\/daneuropesuisse.ch\/index.php?rest_route=\/wp\/v2\/pages"}],"about":[{"href":"https:\/\/daneuropesuisse.ch\/index.php?rest_route=\/wp\/v2\/types\/page"}],"author":[{"embeddable":true,"href":"https:\/\/daneuropesuisse.ch\/index.php?rest_route=\/wp\/v2\/users\/2"}],"replies":[{"embeddable":true,"href":"https:\/\/daneuropesuisse.ch\/index.php?rest_route=%2Fwp%2Fv2%2Fcomments&post=37"}],"version-history":[{"count":5,"href":"https:\/\/daneuropesuisse.ch\/index.php?rest_route=\/wp\/v2\/pages\/37\/revisions"}],"predecessor-version":[{"id":1474,"href":"https:\/\/daneuropesuisse.ch\/index.php?rest_route=\/wp\/v2\/pages\/37\/revisions\/1474"}],"up":[{"embeddable":true,"href":"https:\/\/daneuropesuisse.ch\/index.php?rest_route=\/wp\/v2\/pages\/31"}],"wp:attachment":[{"href":"https:\/\/daneuropesuisse.ch\/index.php?rest_route=%2Fwp%2Fv2%2Fmedia&parent=37"}],"curies":[{"name":"wp","href":"https:\/\/api.w.org\/{rel}","templated":true}]}}